{"id":21,"date":"2015-02-05T10:21:41","date_gmt":"2015-02-05T10:21:41","guid":{"rendered":"http:\/\/wpcharming.wpengine.com\/construction\/?page_id=21"},"modified":"2024-03-04T11:31:04","modified_gmt":"2024-03-04T11:31:04","slug":"qui_sommes_nous","status":"publish","type":"page","link":"https:\/\/exbatsn.com\/index.php\/qui_sommes_nous\/","title":{"rendered":"Qui sommes nous?"},"content":{"rendered":"<div class=\"wpb-content-wrapper\"><p>[vc_row padding_top=&#8221;10&#8243; padding_bottom=&#8221;10&#8243;][vc_column width=&#8221;1\/2&#8243;][vc_single_image image=&#8221;973&#8243; img_size=&#8221;6000&#215;800&#8243;]\n\t<div class=\"custom-heading wpb_content_element \">\n\t\t<h2 class=\"heading-title\" >MOT DU DIRECTEUR<\/h2>\n\t<\/div>[vc_column_text]En tant que Directeur G\u00e9n\u00e9ral d&#8217;EXBAT SURL, je suis honor\u00e9 de diriger une \u00e9quipe pluridisciplinaire, d\u00e9vou\u00e9e et comp\u00e9tente, d\u00e9termin\u00e9e \u00e0 maintenir notre tradition d&#8217;excellence dans le domaine de l\u2019am\u00e9nagement, de la construction et de leurs services connexes.<\/p>\n<p>Notre foi en l&#8217;innovation, notre recherche permanente de la qualit\u00e9 et notre forte adh\u00e9sion aux principes d\u00e9veloppement durable guident notre vision pour l&#8217;avenir de la construction au S\u00e9n\u00e9gal et en Afrique. \u00bb<\/p>\n<p>Avec EXBAT SURL vous serez toujours assur\u00e9s d\u2019\u00eatre avec un partenaire comp\u00e8tent et de confiance.[\/vc_column_text][\/vc_column][vc_column width=&#8221;1\/2&#8243;][vc_single_image image=&#8221;859&#8243; img_size=&#8221;8000&#215;600&#8243;]\n\t<div class=\"custom-heading wpb_content_element  heading-medium\">\n\t\t<h2 class=\"heading-title\" >QUI SOMMES NOUS?<\/h2>\n\t\t<span class=\"heading-line primary\"><\/span>\n\t<\/div>[vc_column_text]EXBAT SURL est une entreprise sp\u00e9cialis\u00e9e dans l\u2019\u00e9tude des projets B\u00e2timent et des Travaux publics ainsi que leur r\u00e9alisation. En outre, gr\u00e2ce \u00e0 son expertise reconnue en mati\u00e8re de montage financier, EXBAT SURL est le partenaire de choix des organismes publics et priv\u00e9s dans le cadre, notamment, de la r\u00e9alisation de \u201cprojets cl\u00e9 en main\u201d.<\/p>\n<p>Solidement ancr\u00e9s sur nos valeurs, nos bonnes r\u00e9f\u00e9rences et notre exp\u00e9rience, notre expertise s\u2019est renforc\u00e9e et diversifi\u00e9e dans le but ultime d\u2019apporter \u00e0 nos clients une solution globale et adapt\u00e9e leurs projets.[\/vc_column_text][\/vc_column][\/vc_row][vc_row padding_bottom=&#8221;0&#8243;][vc_column]\n\t<div class=\"custom-heading wpb_content_element  heading-medium\" style=\"margin-bottom: -10px;\">\n\t\t<h2 class=\"heading-title\" >NOS EXPERTS<\/h2>\n\t\t<span class=\"heading-line primary\"><\/span>\n\t<\/div>[vc_column_text]Notre \u00e9quipe pluridisciplinaire de professionnels tr\u00e8s qualifi\u00e9s et fortement motiv\u00e9s est le pilier de l&#8217;excellence qui caract\u00e9rise EXBAT SURL. Nous nous \u00e9vertuons maintenir toujours plus op\u00e9rationnelle notre \u00e9quipe d&#8217;experts chevronn\u00e9s qui font de notre entreprise un acteur renomm\u00e9 dans le domaine de la construction.[\/vc_column_text][\/vc_column][\/vc_row][vc_row padding_bottom=&#8221;20&#8243;][vc_column width=&#8221;1\/3&#8243;][vc_single_image image=&#8221;976&#8243; img_size=&#8221;8000&#215;600&#8243;][\/vc_column][vc_column width=&#8221;1\/3&#8243;][vc_single_image image=&#8221;977&#8243; img_size=&#8221;8000&#215;600&#8243;][\/vc_column][vc_column width=&#8221;1\/3&#8243;][vc_single_image image=&#8221;978&#8243; img_size=&#8221;8000&#215;800&#8243;][\/vc_column][vc_column][\/vc_column][vc_column][\/vc_column][vc_column][\/vc_column][vc_column][\/vc_column][vc_column][\/vc_column][vc_column][\/vc_column][vc_column][\/vc_column][\/vc_row]<\/p>\n<\/div>","protected":false},"excerpt":{"rendered":"<p>[vc_row padding_top=&#8221;10&#8243; padding_bottom=&#8221;10&#8243;][vc_column width=&#8221;1\/2&#8243;][vc_single_image image=&#8221;973&#8243; img_size=&#8221;6000&#215;800&#8243;][vc_column_text]En tant que Directeur G\u00e9n\u00e9ral d&#8217;EXBAT SURL, je suis honor\u00e9 de diriger une \u00e9quipe pluridisciplinaire, d\u00e9vou\u00e9e &#8230;<\/p>\n","protected":false},"author":1,"featured_media":0,"parent":0,"menu_order":0,"comment_status":"open","ping_status":"closed","template":"","meta":{"footnotes":""},"class_list":["post-21","page","type-page","status-publish","hentry"],"_links":{"self":[{"href":"https:\/\/exbatsn.com\/index.php\/wp-json\/wp\/v2\/pages\/21","targetHints":{"allow":["GET"]}}],"collection":[{"href":"https:\/\/exbatsn.com\/index.php\/wp-json\/wp\/v2\/pages"}],"about":[{"href":"https:\/\/exbatsn.com\/index.php\/wp-json\/wp\/v2\/types\/page"}],"author":[{"embeddable":true,"href":"https:\/\/exbatsn.com\/index.php\/wp-json\/wp\/v2\/users\/1"}],"replies":[{"embeddable":true,"href":"https:\/\/exbatsn.com\/index.php\/wp-json\/wp\/v2\/comments?post=21"}],"version-history":[{"count":13,"href":"https:\/\/exbatsn.com\/index.php\/wp-json\/wp\/v2\/pages\/21\/revisions"}],"predecessor-version":[{"id":994,"href":"https:\/\/exbatsn.com\/index.php\/wp-json\/wp\/v2\/pages\/21\/revisions\/994"}],"wp:attachment":[{"href":"https:\/\/exbatsn.com\/index.php\/wp-json\/wp\/v2\/media?parent=21"}],"curies":[{"name":"wp","href":"https:\/\/api.w.org\/{rel}","templated":true}]}}